-197 - -132))?
-9
-38 + 47 - (37 - -15)
-43
Calculate -22 + 67 + 7 + (2 - 6).
48
What is the value of -4 + 14 + -52 + 16 + -37?
-63
Evaluate 198 + -104 + -22 + 10.
82
What is the value of 11 - (-4 + 2 + -13 - (-58 - (-32 + 73)))?
-73
Calculate (76 - -1) + 7801 + -7787.
91
Calculate 57 - (70 + -24 + -2).
13
What is the value of 99 + 1 + 13 + (73 + -50 - 45)?
91
Calculate (-31 - (-89 + (13 - 22)) - (-2 + 1)) + 7.
75
What is (111 - 5) + 0 + (18 - -19)?
143
(-12 - 0) + ((-7 - (-5 - 12)) + -20 - 17)
-39
What is the value of 18 - (68 + (-24 - (13 - 30)))?
-43
Calculate 8 - -4 - (9 + -2 + (-138 - -154)).
-11
1 - -46 - (7940 - 7967)
74
What is the value of 2 + (-4 - (-2 - -2) - (125 + -137)) - 2?
8
Evaluate 33 - (118 - (112 + 11)).
38
Calculate 11 - (3 - -52) - 29.
-73
(-4 - 3) + -11 + (-44 + 59 - (4 - -2))
-9
Evaluate 51 - (29 + 59 + -10).
-27
-66 + (-15 - (22 - 67)) - (3 - (1 + 12))
-26
Evaluate 25 + -37 + ((-7 - -2) + 19 - -7).
9
Evaluate (-65 - -32) + -4 + (0 - 10).
-47
What is the value of 21 + (3 - (17 + -36) - (14 + -72))?
101
Evaluate (5 - (56 + 8)) + 114.
55
What is -12 + (75 - 136) + -10?
-83
(10 - 5) + 63 - (-4 - -1 - (2 - -8))
81
What is the value of 17 + (8 - (-2 + 11) - -15)?
31
Evaluate (18 + -14 - (1 + -17)) + 2 + 10.
32
-71 + 2 + 1 + 18 + 7
-43
Calculate 19 + 0 + -5 + 2 + -6 - (107 + -46).
-51
What is the value of -97 + (0 - -16 - (21 + 56 + -84))?
-74
24 + -16 + (-22 - 16) + -17
-47
What is 47 + -199 + (40 - -53)?
-59
What is the value of -13 + 33 + -29 - -5 - -12?
8
What is -343 + 124 + 167 + 2 + (-2 - -17)?
-35
What is 50 - ((41 - -18) + -18)?
9
-102 + 31 + -53 + 96
-28
Evaluate (58 - (128 - 72)) + 1 + -1 + 47 - -6.
55
Calculate -439 - -520 - (-31 + 1).
111
What is the value of 2866 - 2810 - (29 + 1)?
26
(-46 - (4 - -9 - -21)) + -2
-82
Evaluate -57 + -55 + 11 + 138.
37
What is the value of -76 + (-89 + -54 - -93)?
-126
Calculate (38 - 30 - 29) + 25 + (95 - -3).
102
Calculate (-2 - -7) + (-2 - 13 - -1 - -10) - 0.
1
Evaluate (69 - (46 - -10) - (-39 - 0)) + -13.
39
(24 - 41) + 23 - (-7 - (-91 + 3) - 1)
-74
Calculate 3 - (7 + (4 + 8 - (-22 - -21 - 12))).
-29
15 - (-8 + 7) - (28 + -24) - (-22 - -15)
19
Calculate (28 - 6) + 36 + -62 + -64.
-68
Evaluate 66 + -10 - (0 - -15 - 3 - (-2 - -12)).
54
Calculate -1 + (9 + 22 + 38 - (-8 - -5)).
71
Calculate (217 - 216) + (2 + 6 - 76).
-67
8 - (5 - -6) - (-24 + 32 - 20)
9
Evaluate 135 + -377 + (129 - 24).
-137
Calculate -75 - (-18 - -59 - 86).
-30
-20 + -72 + 75 + 1 + 28 + 0 + -51
-39
What is 20 - -2 - (-103 - -123)?
2
What is the value of -15 + -11 + (26 - 51) - (-5 - (2 - -1))?
-43
3 + 16 - (85 - 74) - -27
35
What is the value of 0 - 0 - 79 - (-115 + (112 - 12))?
-64
What is 25 + (-19 + 5 - (7 - -70))?
-66
Calculate -12 - (-77 + (10 - 21) - -8 - -2).
66
18 - (0 - -1) - (1151 - 1136)
2
Calculate (-41 - (-120 - -74)) + 91 + -5.
91
What is (7 + 45 - 39) + -97?
-84
What is -11 + -6 + -1 + 15 + 492 + -545?
-56
What is the value of (28 - 104) + -401 + 543?
66
Evaluate -5 + -1 + -4 + 14 + -3 + (-24 - -5).
-18
Calculate 31 - ((2 - 8) + (-11 - -1)).
47
What is (-10 - (-16 + 8)) + 52?
50
Evaluate (0 - -65) + (-37 - -23) + -8 + -1.
42
-28 + (4 - (-6 + -1))
-17
Calculate (-75 - (81 + -54)) + (3 - 3 - 16).
-118
What is -190 + 131 + (47 - 17)?
-29
Evaluate -6 + -55 + -23 + 22.
-62
Evaluate 261 + -266 + -5 + (-10 - -5) + (95 - -4).
84
What is the value of 16 + 64 + -39 + 16?
57
(-27 - -8) + (-17 - -38) + -7 + 62
57
What is the value of 160 + -143 + (50 - 2) + 30?
95
Evaluate (-4 - -4) + 15 + -5 + (0 - -3) - -10.
23
Calculate (38 - 3) + -1 + (8 + 1 - (52 - 41)).
32
Calculate -19 - (65 + -34 - 20).
-30
What is the value of 116 + (-77 - (61 + -105))?
83
Calculate 0 - (72 + -38 + -76).
42
What is the value of (-40 - 32) + 31 + 106?
65
What is the value of (12 - ((83 - -5) + -5)) + 5?
-66
What is -18 + 7 + -5 + 25 + -3?
6
What is -158 + 182 + 2 + -107?
-81
-2 + 22 + -2 + (3 - (-3 - -18))
6
Calculate -68 - -107 - (-5 + 28).
16
What is the value of 12 + (-10 - 3) + (-73 - -49)?
-25
1 + 1 - (8 - (-95 - -61)) - (15 + -2)
-53
Calculate 0 + 23 + (-33 + 5 - 31).
-36
What is the value of -17 + (-7 - (11 - (15 + 8 + -18)))?
-30
What is -75 - ((-130 - -36) + -4)?
23
Calculate 3003 - 3024 - (-52 + -1).
32
Evaluate -7 + 2 + 7 + 145 + -149.
-2
What is the value of -1347 + 1291 + (2 - (6 - 6) - 5)?
-59
Calculate -44 + 10 - (-10 + 12 + -5) - 4.
-35
Calculate -14 + (-2 - -4) - -1 - (-19 + 39 + -17).
-14
What is (7 + 7 + -26 - 4) + -15 - 4?
-35
Calculate -2 - 0 - (-96 + 87) - -29.
36
What is the value of -11 + (-67 - -59) + (-4 - -42 - 0)?
19
Calculate 1160 + -1125 + -107 + 1.
-71
10 + (-1 - 0) - (43 - (-7 - -91))
50
(-51 - -86) + -31 + -21
-17
(3 + -2 - 52) + -171 + 186 - (-4 - 0)
-32
Evaluate -72 + (13 - (-13 + 43) - -5 - -10) + 13.
-61
Calculate (32 - -23) + -32 + -52.
-29
Evaluate (-1 - 1) + -8 - (-282 + (628 - 323)).
-33
Evaluate (-82 - 32) + 28 + 76.
-10
(7 - (17 - 13)) + (-1 - -46) + (-49 - -55)
54
Calculate 1 + -37 - (355 - 353).
-38
What is the value of 27 + (-3 - -12 - 34) + (-2 - -1) + 39?
40
What is -1 + 3 - -22 - (-76 + 66 + 0)?
34
What is 102 + -16 - (-11 - -5 - -20 - (8 + -5))?
75
-41 - (-55 - (14 + -51))
-23
What is the value of 10 - (8 + (-7 - -6) - -10) - 37?
-44
-108 - (24 - ((44 - 47) + 50))
-85
Evaluate 17 + -63 + 5 + (-3 + -5 - -11).
-38
(-6 - -7) + (-396 - -387) + (1 - 1) + -14
-22
-1309 + 1263 - (-22 + -1)
-23
(-17 - (6 - (35 + -13))) + -1 + 1
-1
What is 41 - -3 - (905 - 888)?
27
Calculate 9 + 12 + 15 - (68 + -81).
49
Evaluate -12 - (4 - 4 - 15) - -23.
26
Calculate -6 + 15 + (22 - 29) - (10 - 4).
-4
Calculate (0 - (-8 + (-6 - -24 - -4))) + -82.
-96
Calculate 55 + -132 - (-7 - 122).
52
1 + (11 - 1) + -25 + (-7 - 26 - -7)
-40
Evaluate (-3 + (2 - 0) - 38) + 23 + -49 + 26.
-39
Calculate (-21 - ((-19 - -6) + 0) - -25) + -4 + -3.
10
What is -51 - (-10 - (11 - 12 - 5)) - -10?
-37
What is (11 - 1) + (-37 - -144) + -46 + 7?
78
What is (-9 - (-20 + -17)) + (-5 + 16 - 10)?
29
(17 + 11 - -25) + 23
76
Calculate (-1 + 6 - -12) + (-7 - 34).
-24
Calculate 23 - (472 - 455 - (-28 + 4)).
-18
Evaluate 2 - 0 - 18 - (30 + (-12 - 26)).
-8
What is the value of 0 + 39 - (-7024 + 6974)?
89
19 - (42 + -35 - (12 + -48 - 1))
-25
Calculate 2 - 47 - (-570 + 491).
34
What is -100 - (123 - 93 - 8)?
-122
Evaluate -3 + -18 - ((16 - (2 + 21)) + 15).
-29
What is (200 - 151) + (-1 - 38)?
10
What is the value of (3 + -2 - ((-13 + -2 - -9) + 0)) + 74?
81
(26 + -167 - -123) + -31 + 2
-47
-1 - 15 - (-50 - -81 - (-8 - -39))
-16
What is (1 - 36) + 87 + -86 - (-7 - (0 - -2))?
-25
Evaluate -80 + (17 - (7 - 60)).
-10
Calculate 1910 + -1909 - (2 + 1 + -102 + 4).
96
Evaluate (11 - 15) + -4 - ((-9 - 29) + 4).
26
What is the value of (4 - (-14 + -6 + 9)) + 3 + -2 + 7?
23
What is the value of (-11 - 48 - -29) + -17 - (1 - 1)?
-47
-6 + 34 - 16 - 14
-2
What is 0 - (-12 + -20 + 3 + 16)?
13
(1614 - 1592) + -36 + (0 - -1)
-13
What is the value of (-24 - -28) + (-22 - (11 - -13))?
-42
What is 51 + (10 - (2 + 0 + -9 + 11) - 17)?
40
Evaluate (7 - 65) + (-8 - (-4 + 0 - (328 + -328))).
-62
What is the value of (-13 - (3 - (12 + (58 - 6)))) + -5 - 10?
33
What is (-62 - -1 - -27) + 33?
-1
What is (-1429 - -1363) + (31 - 11)?
-46
Evaluate -24 - (-17 + 8) - (-3 + -5 + 76 - 11).
-72
Calculate (-9 - -1) + (25 - -2) + -17 + -2 - -13.
13
Calculate -2 - 17 - (1530 - 1549).
0
Evaluate (0 - -2 - -6) + (19 - -58 - 76).
9
What is (-10 - -6) + 7 - (-1 + 6 + (9 - 5))?
-6
What is -79 - (2 + -5 + 0 - (-129 + 96 - -35))?
-74
What is 1312 + -1221 + -72 + -2?
17
77 - ((-29 - -54) + 30)
22
Evaluate -26 + (4 + -16 - -25) - (-3 + -7 + 6).
-9
Calculate 2415 - 2488 - (-1 + -45).
-27
What is the value of 52 + 0 + -2 + (962 - 958)?
54
Calculate -6 + -3 - (20 - (1 - -17)) - 3 - -68.
54
What is -6 + 17 + 1 + (1 - -18 - 26) - 5?
0
What is (11 - -17) + -6 + 6 + 13?
41
What is the value of (-1 - 4) + (-30 - -12) + 7 + -10 - -10?
-16
What is the value of -136 - -174 - ((-25 - -9) + 184)?
-130
Evaluate -22 + 8 + (14 - -11) - (-2 + -59) - 5.
67
-456 - -457 - (-1 + 35) - 16
-49
-3 + 6 + -6 + -2 - (54 - 5 - 6)
-48
Calculate 7 + -15 + (-7 - -21) - -27.
33
What is the value of 8 + -52 + 66 - 26?
-4
What is -2 + 1 + 21 - (93 - (289 + -194))?
22
Calculate -3 + -581 + 581 + -1 + (0 - 13).
-17
What is the v